ive of 0 - 1/3*k**3 + 1/12*k**4 + 19*k + 3/10*k**5 + 1/2*k**2. Give f(y).
6
Let m(g) = -13 + g - 3*g + 0*g + g. Give m(-13).
0
Let h(y) = -y. Let f be 8/(-3)*9/(-6). Let a be h(f). Let q(b) = -b**2 - 2*b - 5. Determine q(a).
-13
Let v = -17 + 25. Suppose 0 = a - 3*m - 12, -4*m = 5*a - 6*m - v. Let j(o) = -o - 9. Determine j(a).
-9
Let n be (3 - (-7)/(-2))*-10. Let t(v) = -2*v**3 + 9*v**2 - 2. Let b(s) = -3*s**3 + 17*s**2 - 5. Let u(c) = n*t(c) - 3*b(c). Calculate u(-6).
5
Let u(c) be the first derivative of -c**3/3 + c**2 + 7*c - 1. Let b = -83 - -88. Suppose 7*d - b*d - 10 = 0. Determine u(d).
-8
Let m(g) = g + 0 + 7 + 1 + 0. Let i be 7/(-28) + (-6)/8. Let t = i - -1. What is m(t)?
8
Let j = 37 + -41. Let s(r) = r**2 + 3*r - 6. Give s(j).
-2
Let y = -78 + 104. Suppose -16 = -10*d + y*d. Let k(q) = 9*q. Determine k(d).
-9
Let x(p) be the first derivative of -3*p**2/2 + 11*p - 124. Give x(9).
-16
Let p(y) be the second derivative of y**4/12 - y**2/2 + y. Let b(h) = h**2 + 6*h - 7. Suppose 28*n + 14 = 26*n. Let g be b(n). Give p(g).
-1
Let t(x) = -x**3 - 2*x**2 - 3*x. Let m(v) = -v**2 - 16*v + 34. Let y be m(-18). Calculate t(y).
6
Let s(y) = -y**3 + 6*y**2 - 2*y - 4. Let i be s(5). Suppose -i*h - 5 = -16*h. Let a(j) = 2*j + 4. Let t(q) = q + 5. Let c(d) = -4*a(d) + 3*t(d). Determine c(h).
-6
Let v(o) = -o**3 + 2*o + 36 - 3*o + 7*o**2 - 31 + 0*o**3. What is v(7)?
-2
Let r(i) be the first derivative of -i**7/840 - i**6/120 - i**5/60 + 2*i**3 + 23. Let g(v) be the third derivative of r(v). What is g(-2)?
0
Let z(d) = d**3 - 3*d**2 - 2*d + 1. Let g = 394 - 390. Give z(g).
9
Let q(g) be the first derivative of g**4/4 - 4*g**3/3 - g**2 + 3*g - 209. Calculate q(4).
-5
Let o(b) = -4*b. Let v = 6 - 14. Let l be (3/(-6))/(4/v). What is o(l)?
-4
Let n(t) = -9 + 39*t**2 - 17*t + 22*t - 38*t**2. Determine n(-8).
15
Let o(m) = -10*m**2 + 3*m + 30. Let u(j) = j**3 - j**2 - j + 1. Let a(q) = o(q) - u(q). Calculate a(-9).
-7
Suppose -11 = -r + 4*w + 3, -2*r + w = 7. Let g(l) = 7*l - 1. Let x(y) = 8*y - 2. Let d(v) = 6*g(v) - 5*x(v). Calculate d(r).
-8
Let f = 138 - 137. Let k(l) = -2*l - 2 + l + 1. Let u(z) = -z**2 - 4*z - 2. Let d(c) = f*u(c) - k(c). Calculate d(-3).
-1
Let t(k) be the third derivative of -k**6/60 + k**5/60 - k**4/24 + k**3/6 + 42*k**2. Calculate t(-2).
23
Let b(w) = 5*w**2 - 3*w - 2. Let v be b(-1). Let d(p) = 2*p - 2 - v*p + p. Suppose -2*u = -0*u, 0 = -2*j + u - 6. Give d(j).
7
Let b(g) = -g**2 - 3*g + 5. Let l(v) = -v**2 + 7*v - 13. Let h be l(5). Let c be (-2 + 1)/1 + h. Determine b(c).
1
Let r(f) = 2*f - 15 - 15 + 8. Let h be r(7). Let i(l) = -l**2 - 7*l + 4. What is i(h)?
-4
Let z(u) be the third derivative of -u**4/3 - 13*u**2. Suppose 20 = l + 4*l. Let v(y) = y - 3. Let f be v(l). Calculate z(f).
-8
Let l(r) be the second derivative of -r**5/20 - r**4/12 - 9*r**2/2 - 12*r - 1. Give l(0).
-9
Suppose -5*n - 2 - 2 = 3*q, -5*q + 16 = -3*n. Let t(r) = -5 + 9*r**2 - 15*r**q + 6*r**3 - 4*r**3 - 3*r**3. Determine t(-6).
-5
Let p(d) be the second derivative of -5*d**3/6 - d**2/2 - 8*d - 7. What is p(4)?
-21
Let y(q) be the second derivative of q**5/20 + 7*q**4/12 + 2*q**3/3 - 7*q**2/2 + q. Let h = 8192 + -8198. What is y(h)?
5
Let c(w) = -5*w - 7*w + 14 + 727*w**2 - 728*w**2. Determine c(-13).
1
Let q = -9 + 11. Suppose -5*b = -q*d + 28, 2*b = 3*b - d + 5. Let y = -7 - b. Let g(s) = 10*s**2 - s - 1. What is g(y)?
10
Suppose 0 = 9*g - 16*g - 28. Let k be -1*(0 + 2) + g. Let t(x) = -5*x - 31. Let c(u) = -u - 6. Let l(h) = -11*c(h) + 2*t(h). Give l(k).
-2
Suppose -49*t = -63*t + 140. Let b(x) = 2*x - 2. Determine b(t).
18
Suppose -1 + 21 = 10*m. Let x(z) = 5*z**3 + 1. Let k be x(1). Let y(r) = -k - r - m + 9. Determine y(-6).
7
Suppose 46*q - 75 = 31*q. Let w(g) be the third derivative of 1/15*g**q + 1/60*g**6 + 0*g + 0 - 3*g**2 + 1/8*g**4 + 1/3*g**3. What is w(-2)?
-4
Suppose 4*t = -4, 2*t = 4*r + t + 11. Let v(x) = -x**3 - 5*x**2 + 4*x + 3. What is v(r)?
-27
Let q be (-6 - 21)/(1/(1 + -2)). Let w = q - 32. Let m(y) = y**3 + 4*y**2 - 3*y + 7. Calculate m(w).
-3
Let g(r) = 5*r**3 - r**2 + r + 9. Let p(t) = t**3 - t**2 + t + 1. Let y(o) = -o**3 - 5*o**2 - o - 6. Let f be y(-5). Let j(u) = f*g(u) + 4*p(u). Give j(-4).
-1
Suppose 2*w = -6, l + w + 0*w = -1. Suppose l*v + 0*v = 8. Let x(y) = 1 + 22*y**2 - 24*y**2 + 6*y + v. Calculate x(5).
-15
Let w(a) be the first derivative of a**3/3 + 13*a**2/2 - 33*a - 273. Give w(-15).
-3
Suppose -2*r - 7 = -3*m, -m - 5 = -2*m. Suppose 0 = -o - r*i - 9, 3 = -3*o - i - 3*i. Let g(d) = -6*d + 4. What is g(o)?
-14
Let f = -5 - -8. Let j(n) = -2*n**2 + 4*n - 3. Suppose 6*i = 126 - 138. Let y(t) = -t**2 + 4*t - 4. Let q(w) = f*y(w) + i*j(w). What is q(-5)?
-1
Suppose 0 = -5*h + 8 - 3. Let u(f) be the third derivative of -f**5/60 + f**3/6 - 2*f**2. Give u(h).
0
Let r = 12 + -10. Let l(o) = r*o + 3*o**3 + 3*o**2 - 3 - 2*o**3 + 4. Suppose 3*b = 7*b + 3*t + 3, 0 = b - 4*t + 15. Give l(b).
-5
Suppose -87*c - 577 - 119 = 0. Let a(y) = y**2 + 12*y + 9. Calculate a(c).
-23
Let r be 1/(0 - (4 - 3)). Let c be 0/(-1*(2 + r)). Let p(b) = 2*b - 3 + b - 4*b. What is p(c)?
-3
Let w be (-4)/(-12) - (-248)/(-6). Let z = 40 + w. Let x(k) = 5*k + 3*k - 1 + 2. Give x(z).
-7
Let v(j) = -j**3 - 7*j**2 - 11*j - 11. Let k(h) = h**3 + 5*h**2 + 8*h + 8. Let y(o) = 7*k(o) + 5*v(o). Calculate y(-2).
-17
Suppose -w = 4*c + 4*w - 280, c - 3*w - 87 = 0. Suppose 0 = -4*n + 1 + c. Suppose -j = 3*g + j - 9, -3*j - n = -2*g. Let h(y) = y. What is h(g)?
5
Suppose 0 = 3*o + 235 - 214. Let d(j) = j**2 + 9*j + 7. Determine d(o).
-7
Let m be 4 + (-2 - (2 - 1)). Let w(c) = -14*c**3 + c**2 - 1. What is w(m)?
-14
Let k(v) = -15*v + 63. Let q be k(4). Let l(j) = -j**2 + 2*j - 4. Give l(q).
-7
Let p(f) = 2*f - f**2 + 0*f + 5 + 0*f. Let m be p(3). Let b(d) = -54 + d**2 + 0*d**m + 51 - 4*d. Determine b(4).
-3
Let f(v) = -v - 51. Let n(g) = 14. Let p(d) = 2*f(d) + 9*n(d). What is p(10)?
4
Let d(s) be the first derivative of s**5/120 + s**4/24 + s**3/3 - 15. Let p(t) be the third derivative of d(t). Calculate p(1).
2
Let z(h) = 3*h - 4. Let w be -19 + 5 + (1 - 0). Let u = w + 18. Let g be u - 1 - (-1 - -1). Calculate z(g).
8
Let q(r) = r - 1. Let t be 4/(-18) + (-140)/(-63). Let c(k) = -k**3 + k**2 + 3*k - 2. Let p be c(t). Let b(i) = i - 3. Let f be b(p). What is q(f)?
-4
Let s(b) be the third derivative of -b**6/120 + b**5/15 - b**4/24 + b**3/2 - 4*b**2 + 23*b. Calculate s(4).
-1
Let h(f) = -f**2 + 7*f - 3. Suppose -7*k + 175 = -0*k. Let x = 26 - k. Suppose 0 - x = 2*t + 3*a, -a - 5 = 0. What is h(t)?
-3
Let n(d) = -10*d - 28. Let f be n(-3). Let h(r) = 7*r**2 - 374 + r**3 + 3*r**2 - f*r + 360. Give h(-10).
6
Let y(d) be the second derivative of -d**7/1260 + d**6/240 - 13*d**4/12 - 11*d. Let o(v) be the third derivative of y(v). What is o(2)?
-2
Let l = 14 + -12. Suppose -14 = -3*q + 5*q + 3*f, -l*f = -3*q - 8. Let d(b) = -7*b - 8. Let k(z) = 3*z + 4. Let n(m) = 2*d(m) + 5*k(m). Determine n(q).
0
Let c = 126 - 58. Let b(z) = -5 + 67*z - c*z - 7 + 3. Determine b(-7).
-2
Let p = 10 - 13. Let j be p*(-3)/3 - 2. Let b(n) = 1 + j + 3*n + n**2 - 4 - 6*n. Give b(5).
8
Let g(y) = -5*y**3 + 7*y**2 - 9. Let l(q) = -6*q**3 + 8*q**2 - q - 10. Let c(n) = -5*g(n) + 4*l(n). Suppose -23*p + 136 = 12*p - p. Calculate c(p).
5
Let w(s) be the third derivative of -s**2 + 0*s + 0 + 1/8*s**4 - 1/60*s**5 - 2/3*s**3. Calculate w(5).
-14
Suppose 0 = 4*t + 3*q - 93, -3*t + 37 = -2*t - 2*q. Let s(l) = -10*l + 1 - 13*l + t*l - 6*l - l**2. Give s(-3).
-2
Let z(j) = j**3 + 2*j**2 - 3*j - 1. Let b be 6 + 1 + (4 - 8). Suppose -2*m = 4*k + 10, 3*m - m - 3*k = -b. Determine z(m).
-1
Let h(x) = -4*x**2 - 2*x - 14. Let n(r) = -3*r**2 - 2*r - 12. Let d(u) = 2*h(u) - 3*n(u). Give d(-7).
43
Let j = -1234 - -1238. Let y(s) be the third derivative of 0*s + 3*s**2 - 1/24*s**j + 0 - 7/6*s**3. Determine y(0).
-7
Let f(x) = 2*x + 4*x + 3*x + 5 - 7*x. Let s be f(0). Let d(u) = u - 3. Give d(s).
2
Suppose -17*d = -13*d. Suppose -u + 6*u - 20 = d. Suppose -11 = u*m - x, 0 = -3*m + 4*x + 2 - 20. Let c(y) = 2*y + 1. Give c(m).
-3
Let y(i) = -i**2 + 7*i + 17. Let c be y(9). Let o(h) = 2*h**2 + 2*h - 3. Let k(x) = 5*x**2 + 6*x - 8. Let j(a) = 4*k(a) - 11*o(a). Give j(c).
-3
Let o(t) = 2*t**2 + 3*t + 2. Let p 